{"id":178,"date":"2023-11-14T12:43:53","date_gmt":"2023-11-14T12:43:53","guid":{"rendered":"https:\/\/soeursmissionnairescatechistes.org\/?page_id=178"},"modified":"2023-11-14T12:45:53","modified_gmt":"2023-11-14T12:45:53","slug":"nos-origines","status":"publish","type":"page","link":"https:\/\/soeursmcsc.org\/index.php\/nos-origines\/","title":{"rendered":"Nos Origines"},"content":{"rendered":"\n<figure class=\"wp-block-image alignleft\"><img loading=\"lazy\" decoding=\"async\" width=\"300\" height=\"269\" src=\"https:\/\/soeursmcsc.org\/wp-content\/uploads\/2023\/11\/Alice-Marie-Therese-Munet-300x269.jpg\" alt=\"\" class=\"wp-image-144\" srcset=\"https:\/\/soeursmcsc.org\/wp-content\/uploads\/2023\/11\/Alice-Marie-Therese-Munet-300x269.jpg 300w, https:\/\/soeursmcsc.org\/wp-content\/uploads\/2023\/11\/Alice-Marie-Therese-Munet.jpg 765w\" sizes=\"auto, (max-width: 300px) 100vw, 300px\" \/><\/figure>\n\n\n\n<p><strong>L\u2019Institut des Missionnaires Cat\u00e9chistes du Sacr\u00e9-C\u0153ur<\/strong> a \u00e9t\u00e9 fond\u00e9 \u00e0 Menton la nuit de No\u00ebl 1922 par deux jeunes filles lyonnaises, Alice et Marie Th\u00e9r\u00e8se Munet avec l\u2019aide du P\u00e8re Jean-Marie Chabert, IV Sup\u00e9rieur des Missions Africaines de Lyon.<br>C\u2019est en soignant les tirailleurs s\u00e9n\u00e9galais bless\u00e9s,&nbsp; durant la guerre 1914-1918 \u00e0 Menton, qu\u2019Alice et Marie Th\u00e9r\u00e8se d\u00e9couvrent l\u2019Afrique. <strong>&nbsp; <\/strong><\/p>\n\n\n\n<p><strong>\u00ab Dans la nuit du 27 au 28 novembre 1914<\/strong>, un convoi de bless\u00e9s arrive \u00e0 l&rsquo;h\u00f4pital 205 \u00e0 Menton. Les infirmi\u00e8res attendent dans l&rsquo;obscurit\u00e9 de la cour, on per\u00e7oit les silhouettes des entrants. Les formes allong\u00e9es sur les brancards profilent sous le vacillement du faible \u00e9clairage; de rouges ch\u00e9chias&#8230;: c&rsquo;est une arriv\u00e9e de <strong>tirailleurs s\u00e9n\u00e9galais<\/strong>&#8230; Un \u00e0 un entraient dans la salle, plut\u00f4t port\u00e9s par les infirmi\u00e8res que marchant eux-m\u00eames, ces \u00eatres noirs, silencieux, \u00e0 la stature gigantesque mais effondr\u00e9s sous la fatigue de ces premi\u00e8res semaines de tranch\u00e9es et de ce long parcours en chemin de fer; leurs pieds gel\u00e9s ne les portaient plus&#8230; Ils sont envoy\u00e9s \u00e0 Menton, \u00e0 cause du climat favorable.&nbsp;\u00bb&nbsp;(biographie p. 127).<\/p>\n\n\n\n<p><br><br><strong>A travers eux Alice et Marie Th\u00e9r\u00e8se ont leur premier contact avec l\u2019Afrique.<\/strong><\/p>\n\n\n\n<p>Profond\u00e9ment chr\u00e9tiennes, elles per\u00e7oivent chez ces soldats \u00e9loign\u00e9s de leur pays et combattant pour une cause qui ne les concerne pas, une confiance et un accueil favorable \u00e0 la connaissance du Dieu de J\u00e9sus Christ. <strong>Elles y d\u00e9couvrent un appel.<br><\/strong>La guerre termin\u00e9e, les deux s\u0153urs, d\u00e9sirent continuer ce qu\u2019elles ont commenc\u00e9 et se consacrer \u00e0 l\u2019Afrique. Diff\u00e9rents projets n\u2019aboutissent pas. Un long temps d\u2019incertitude commence, ponctu\u00e9 par cette seule et unique pri\u00e8re&nbsp;: \u00ab&nbsp;Seigneur, que voulez-vous que je fasse&nbsp;?&nbsp;\u00bb.<\/p>\n\n\n\n<p>En 1921, elles rencontrent le P\u00e8re Jean Marie Chabert, nouvellement \u00e9lu Sup\u00e9rieur G\u00e9n\u00e9ral de la Soci\u00e9t\u00e9 des Missions Africaines de Lyon. Celui-ci se pr\u00e9pare \u00e0 aller visiter ses communaut\u00e9s dans les diff\u00e9rents pays. Les deux s\u0153urs lui partagent leur d\u00e9sir.<\/p>\n\n\n\n<p>A son retour en 1922, ayant vu la n\u00e9cessit\u00e9 de pri\u00e8re&nbsp; et de besoin de cat\u00e9chistes pour aider les missionnaires, le p\u00e8re Chabert propose \u00e0 Alice et Marie Th\u00e9r\u00e8se de fonder une soci\u00e9t\u00e9 de dames cat\u00e9chistes bas\u00e9e sur l\u2019Adoration Eucharistique et la 1ere Evang\u00e9lisation en Afrique.<\/p>\n\n\n\n<p><em><strong>\u00ab\u00a0<\/strong><\/em><em>Un Foyer Eucharistique, le rayonnement \u00e9tabli par l&rsquo;Adoration du Saint Sacrement seront plus puissants pour la conversion des Africains que toutes les tentatives de l&rsquo;activit\u00e9 humaine\u00a0\u00bb.<\/em><\/p>\n\n\n\n<p>Cette id\u00e9e plut aux deux s\u0153urs et \u00e0 No\u00ebl 1922, Alice et Marie Th\u00e9r\u00e8se Munet se consacrent \u00e0 Dieu pour l\u2019\u00e9vang\u00e9lisation de l\u2019Afrique.<\/p>\n\n\n\n<p><strong>L\u2019Institut des Missionnaires Cat\u00e9chistes du Sacr\u00e9 C\u0153ur est n\u00e9.<\/strong><strong>&nbsp;<\/strong><\/p>\n\n\n\n<p>Peu \u00e0 peu, cette nouvelle soci\u00e9t\u00e9 se fait conna\u00eetre, les premi\u00e8res postulantes arrivent en 1923. Mais la maladie s\u2019installe et Alice meurt le 3 juillet 1924 s\u2019abandonnant entre les mains de Dieu. Sur les conseils du P\u00e8re Chabert, Marie-Th\u00e9r\u00e8se malgr\u00e9 sa sant\u00e9 fragile, continue l\u2019\u0153uvre commenc\u00e9e. Avec les postulantes qui arrivent, la vie s\u2019organise \u00e0 Menton dans la villa familiale.<br>Actuellement nous sommes de diff\u00e9rentes nationalit\u00e9s&nbsp;: Fran\u00e7aises, Hollandaises, Polonaises, B\u00e9ninoises, Burkinab\u00e9, Togolaises, r\u00e9parties au B\u00e9nin, Togo, en France et en Pologne.<\/p>\n","protected":false},"excerpt":{"rendered":"<p>L\u2019Institut des Missionnaires Cat\u00e9chistes du Sacr\u00e9-C\u0153ur a \u00e9t\u00e9 fond\u00e9 \u00e0 Menton la nuit de No\u00ebl 1922 par deux jeunes filles lyonnaises, Alice et Marie Th\u00e9r\u00e8se Munet avec l\u2019aide du&#8230;<\/p>\n","protected":false},"author":1,"featured_media":0,"parent":0,"menu_order":0,"comment_status":"closed","ping_status":"closed","template":"","meta":{"_uag_custom_page_level_css":"","_EventAllDay":false,"_EventTimezone":"","_EventStartDate":"","_EventEndDate":"","_EventStartDateUTC":"","_EventEndDateUTC":"","_EventShowMap":false,"_EventShowMapLink":false,"_EventURL":"","_EventCost":"","_EventCostDescription":"","_EventCurrencySymbol":"","_EventCurrencyCode":"","_EventCurrencyPosition":"","_EventDateTimeSeparator":"","_EventTimeRangeSeparator":"","_EventOrganizerID":[],"_EventVenueID":[],"_OrganizerEmail":"","_OrganizerPhone":"","_OrganizerWebsite":"","_VenueAddress":"","_VenueCity":"","_VenueCountry":"","_VenueProvince":"","_VenueState":"","_VenueZip":"","_VenuePhone":"","_VenueURL":"","_VenueStateProvince":"","_VenueLat":"","_VenueLng":"","_VenueShowMap":false,"_VenueShowMapLink":false,"footnotes":""},"class_list":["post-178","page","type-page","status-publish","hentry"],"uagb_featured_image_src":{"full":false,"thumbnail":false,"medium":false,"medium_large":false,"large":false,"1536x1536":false,"2048x2048":false},"uagb_author_info":{"display_name":"MCS-C","author_link":"https:\/\/soeursmcsc.org\/index.php\/author\/admin\/"},"uagb_comment_info":0,"uagb_excerpt":"L\u2019Institut des Missionnaires Cat\u00e9chistes du Sacr\u00e9-C\u0153ur a \u00e9t\u00e9 fond\u00e9 \u00e0 Menton la nuit de No\u00ebl 1922 par deux jeunes filles lyonnaises, Alice et Marie Th\u00e9r\u00e8se Munet avec l\u2019aide du...","_links":{"self":[{"href":"https:\/\/soeursmcsc.org\/index.php\/wp-json\/wp\/v2\/pages\/178","targetHints":{"allow":["GET"]}}],"collection":[{"href":"https:\/\/soeursmcsc.org\/index.php\/wp-json\/wp\/v2\/pages"}],"about":[{"href":"https:\/\/soeursmcsc.org\/index.php\/wp-json\/wp\/v2\/types\/page"}],"author":[{"embeddable":true,"href":"https:\/\/soeursmcsc.org\/index.php\/wp-json\/wp\/v2\/users\/1"}],"replies":[{"embeddable":true,"href":"https:\/\/soeursmcsc.org\/index.php\/wp-json\/wp\/v2\/comments?post=178"}],"version-history":[{"count":4,"href":"https:\/\/soeursmcsc.org\/index.php\/wp-json\/wp\/v2\/pages\/178\/revisions"}],"predecessor-version":[{"id":623,"href":"https:\/\/soeursmcsc.org\/index.php\/wp-json\/wp\/v2\/pages\/178\/revisions\/623"}],"wp:attachment":[{"href":"https:\/\/soeursmcsc.org\/index.php\/wp-json\/wp\/v2\/media?parent=178"}],"curies":[{"name":"wp","href":"https:\/\/api.w.org\/{rel}","templated":true}]}}