{"id":569,"date":"2024-04-06T09:21:19","date_gmt":"2024-04-06T09:21:19","guid":{"rendered":"https:\/\/soeursmissionnairescatechistes.org\/?page_id=569"},"modified":"2024-04-06T09:21:19","modified_gmt":"2024-04-06T09:21:19","slug":"formation-a-lauto-promotion","status":"publish","type":"page","link":"https:\/\/soeursmcsc.org\/index.php\/formation-a-lauto-promotion\/","title":{"rendered":"Formation \u00e0 l&rsquo;Auto-Promotion"},"content":{"rendered":"\n<div class=\"wp-block-media-text is-stacked-on-mobile\" style=\"grid-template-columns:30% auto\"><figure class=\"wp-block-media-text__media\"><img loading=\"lazy\" decoding=\"async\" width=\"1024\" height=\"768\" src=\"https:\/\/soeursmcsc.org\/wp-content\/uploads\/2024\/04\/DSCN8159-1-1024x768.jpg\" alt=\"\" class=\"wp-image-349 size-full\" srcset=\"https:\/\/soeursmcsc.org\/wp-content\/uploads\/2024\/04\/DSCN8159-1-1024x768.jpg 1024w, https:\/\/soeursmcsc.org\/wp-content\/uploads\/2024\/04\/DSCN8159-1-300x225.jpg 300w, https:\/\/soeursmcsc.org\/wp-content\/uploads\/2024\/04\/DSCN8159-1-768x576.jpg 768w, https:\/\/soeursmcsc.org\/wp-content\/uploads\/2024\/04\/DSCN8159-1-1536x1152.jpg 1536w, https:\/\/soeursmcsc.org\/wp-content\/uploads\/2024\/04\/DSCN8159-1.jpg 1600w\" sizes=\"auto, (max-width: 1024px) 100vw, 1024px\" \/><\/figure><div class=\"wp-block-media-text__content\">\n<p class=\"has-text-align-center has-normal-font-size\"><strong>ANIMATION RURALE<\/strong><\/p>\n\n\n\n<p style=\"line-height:1.5\">R\u00e9flexion \u00e0 la demande des villageois sur un probl\u00e8me concernant leur vie au village (environnement, malnutrition infantile, gestion, r\u00e9gulation des naissances\u2026 ou tout autre th\u00e8me). Ceci dans un esprit d&rsquo;autopromotion, afin qu&rsquo;ils deviennent les acteurs de leur propre d\u00e9veloppement.<\/p>\n\n\n\n<p style=\"line-height:1.5\">Dans le livre \u00ab Histoire des s\u0153urs Munet et de leur famille missionnaire \u00bb de Sylvie Flamand, Chantal de Labareyre, Gilles Babinet, nous lisons\u00a0:<\/p>\n<\/div><\/div>\n\n\n\n<p>\u00ab L&rsquo;apr\u00e8s-midi, animation rurale. Les femmes se groupent vers 15 h pour un moment de couture puis discussion sur les probl\u00e8mes rencontr\u00e9s. Des images illustrent les difficult\u00e9s et les possibles solutions. Il doit bien se vivre du positif puisque Madeleine, une des filles qui l&rsquo;accompagne, dit \u00e0 la S\u0153ur :<\/p>\n\n\n\n<p>\u00ab Depuis que je vais avec toi, les femmes de mon quartier me demandent des conseils pour \u00e9lever leurs enfants \u00bb.<\/p>\n\n\n\n<p>Les S\u0153urs travaillent en collaboration avec le Carder (organisme pour le d\u00e9veloppement de l&rsquo;agriculture). Chaque mois, une r\u00e9union est tenue avec l&rsquo;un des responsables et les deux animatrices qui travaillent dans quelques villages. Sur le plan dioc\u00e9sain, il existe, pour les<br>religieuses, une commission \u00ab&nbsp;animation rurale \u00bb. S\u0153ur Gilberte Content en est la responsable pour un temps. Son action consiste surtout \u00e0 organiser des journ\u00e9es de formation auxquelles participent religieuses, coop\u00e9rants et des animateurs du Carder\u2026 \u00bb.<\/p>\n\n\n\n<div class=\"wp-block-media-text is-stacked-on-mobile\" style=\"grid-template-columns:30% auto\"><figure class=\"wp-block-media-text__media\"><img loading=\"lazy\" decoding=\"async\" width=\"1024\" height=\"683\" src=\"https:\/\/soeursmcsc.org\/wp-content\/uploads\/2024\/04\/IMG_4166-1024x683.jpg\" alt=\"\" class=\"wp-image-348 size-full\" srcset=\"https:\/\/soeursmcsc.org\/wp-content\/uploads\/2024\/04\/IMG_4166-1024x683.jpg 1024w, https:\/\/soeursmcsc.org\/wp-content\/uploads\/2024\/04\/IMG_4166-300x200.jpg 300w, https:\/\/soeursmcsc.org\/wp-content\/uploads\/2024\/04\/IMG_4166-768x512.jpg 768w, https:\/\/soeursmcsc.org\/wp-content\/uploads\/2024\/04\/IMG_4166-1536x1024.jpg 1536w, https:\/\/soeursmcsc.org\/wp-content\/uploads\/2024\/04\/IMG_4166-2048x1365.jpg 2048w\" sizes=\"auto, (max-width: 1024px) 100vw, 1024px\" \/><\/figure><div class=\"wp-block-media-text__content\">\n<p class=\"has-text-align-center has-normal-font-size\"><strong><strong>CENTRE DE PROMOTION F\u00c9MININE<\/strong><\/strong><\/p>\n\n\n\n<p style=\"margin-top:0;margin-right:0;margin-bottom:0;margin-left:0;line-height:1.5\">R\u00e9flexion \u00e0 la demande des villageois sur un probl\u00e8me concernant leur vie au village (environnement, malnutrition infantile, gestion, r\u00e9gulation des naissances\u2026 ou tout autre th\u00e8me). Ceci dans un esprit d&rsquo;autopromotion, afin qu&rsquo;ils deviennent les acteurs de leur propre d\u00e9veloppement. <\/p>\n\n\n\n<p>Pour des jeunes filles analphab\u00e8tes ou d\u00e9scolaris\u00e9es (culture g\u00e9n\u00e9rale, alphab\u00e9tisation en langue locale et en fran\u00e7ais, notion de gestion, de sant\u00e9, d&rsquo;agriculture, couture, etc.)<\/p>\n<\/div><\/div>\n\n\n\n<p>Nous avons un Centre de Promotion f\u00e9minine \u00e0 Broukou, au Togo depuis 1989. L&rsquo;objectif du centre est la formation de la femme dans tous les aspects de sa vie et l&rsquo;apprentissage du m\u00e9tier de couturi\u00e8re.<\/p>\n\n\n\n<p>Parmi les activit\u00e9s, nous pouvons citer :<\/p>\n\n\n\n<ul class=\"wp-block-list\">\n<li>Enseignement m\u00e9nager (hygi\u00e8ne, pu\u00e9riculture, ma\u00eetrise de la f\u00e9condit\u00e9, nutrition avec d\u00e9monstrations pratiques, budget familial),<\/li>\n\n\n\n<li>Transformation des produits locaux,<\/li>\n\n\n\n<li>Construction de foyers am\u00e9lior\u00e9s pour lutter contre le d\u00e9boisement. Ces foyers concentrent la chaleur d\u00e9gag\u00e9e par le bois. Au moment de l\u2019examen pour le dipl\u00f4me de fin d\u2019apprentissage, chaque jeune doit construire un foyer dans sa famille. La directrice du Centre le notera. Voisins et amis peuvent voir ces foyers et apprendre \u00e0 les construire chez eux,<\/li>\n\n\n\n<li>Alphab\u00e9tisation pour les jeunes non scolaris\u00e9s,<\/li>\n\n\n\n<li>Cours de fran\u00e7ais pour celles qui sont all\u00e9es \u00e0 l&rsquo;\u00e9cole et l\u2019ont quitt\u00e9e le plus souvent parce qu\u2019elles \u00e9taient \u00e2g\u00e9es et en retard,<\/li>\n\n\n\n<li>Coupe et couture afin d\u2019obtenir le dipl\u00f4me officiel de couturi\u00e8re,<\/li>\n\n\n\n<li>Tricot.<\/li>\n<\/ul>\n\n\n\n<p>Le centre accueille chaque ann\u00e9e environ 20 \u00e9l\u00e8ves. Ces jeunes viennent de villages \u00e9loign\u00e9s, jusqu&rsquo;\u00e0 20 km. Elles partent \u00e0 pied le vendredi apr\u00e8s-midi pour chercher leur nourriture et aider leurs parents. Elles reviennent le dimanche soir. Celles qui habitent tr\u00e8s loin, rentrent pour les cong\u00e9s de No\u00ebl, P\u00e2ques, et les grandes vacances. Celles-ci correspondent \u00e0 la saison des cultures, ces jeunes travaillent alors aux champs avec leurs parents.<\/p>\n\n\n\n<p>La formation dure quatre ans selon les besoins de chaque jeune. Les filles partent avec une machine \u00e0 coudre pour commencer leur travail dans leur village. Cela leur permet de gagner leur vie et d&rsquo;\u00eatre animatrice dans leur village.<\/p>\n\n\n\n<figure class=\"wp-block-gallery has-nested-images columns-default is-cropped wp-block-gallery-1 is-layout-flex wp-block-gallery-is-layout-flex\">\n<figure class=\"wp-block-image size-large\"><img loading=\"lazy\" decoding=\"async\" width=\"1024\" height=\"683\" data-id=\"347\" src=\"https:\/\/soeursmcsc.org\/wp-content\/uploads\/2024\/04\/IMG_4336-1024x683.jpg\" alt=\"\" class=\"wp-image-347\" srcset=\"https:\/\/soeursmcsc.org\/wp-content\/uploads\/2024\/04\/IMG_4336-1024x683.jpg 1024w, https:\/\/soeursmcsc.org\/wp-content\/uploads\/2024\/04\/IMG_4336-300x200.jpg 300w, https:\/\/soeursmcsc.org\/wp-content\/uploads\/2024\/04\/IMG_4336-768x512.jpg 768w, https:\/\/soeursmcsc.org\/wp-content\/uploads\/2024\/04\/IMG_4336-1536x1024.jpg 1536w, https:\/\/soeursmcsc.org\/wp-content\/uploads\/2024\/04\/IMG_4336-2048x1365.jpg 2048w\" sizes=\"auto, (max-width: 1024px) 100vw, 1024px\" \/><\/figure>\n\n\n\n<figure class=\"wp-block-image size-large\"><img loading=\"lazy\" decoding=\"async\" width=\"1024\" height=\"768\" data-id=\"350\" src=\"https:\/\/soeursmcsc.org\/wp-content\/uploads\/2024\/04\/Foyers-ameliores-pour-economiser-le-bois-1024x768.jpg\" alt=\"\" class=\"wp-image-350\" srcset=\"https:\/\/soeursmcsc.org\/wp-content\/uploads\/2024\/04\/Foyers-ameliores-pour-economiser-le-bois-1024x768.jpg 1024w, https:\/\/soeursmcsc.org\/wp-content\/uploads\/2024\/04\/Foyers-ameliores-pour-economiser-le-bois-300x225.jpg 300w, https:\/\/soeursmcsc.org\/wp-content\/uploads\/2024\/04\/Foyers-ameliores-pour-economiser-le-bois-768x576.jpg 768w, https:\/\/soeursmcsc.org\/wp-content\/uploads\/2024\/04\/Foyers-ameliores-pour-economiser-le-bois-1536x1152.jpg 1536w, https:\/\/soeursmcsc.org\/wp-content\/uploads\/2024\/04\/Foyers-ameliores-pour-economiser-le-bois-2048x1536.jpg 2048w\" sizes=\"auto, (max-width: 1024px) 100vw, 1024px\" \/><\/figure>\n<\/figure>\n","protected":false},"excerpt":{"rendered":"<p>ANIMATION RURALE R\u00e9flexion \u00e0 la demande des villageois sur un probl\u00e8me concernant leur vie au village (environnement, malnutrition infantile, gestion, r\u00e9gulation des naissances\u2026 ou tout autre th\u00e8me). Ceci dans&#8230;<\/p>\n","protected":false},"author":1,"featured_media":0,"parent":0,"menu_order":0,"comment_status":"closed","ping_status":"closed","template":"","meta":{"_uag_custom_page_level_css":"","_EventAllDay":false,"_EventTimezone":"","_EventStartDate":"","_EventEndDate":"","_EventStartDateUTC":"","_EventEndDateUTC":"","_EventShowMap":false,"_EventShowMapLink":false,"_EventURL":"","_EventCost":"","_EventCostDescription":"","_EventCurrencySymbol":"","_EventCurrencyCode":"","_EventCurrencyPosition":"","_EventDateTimeSeparator":"","_EventTimeRangeSeparator":"","_EventOrganizerID":[],"_EventVenueID":[],"_OrganizerEmail":"","_OrganizerPhone":"","_OrganizerWebsite":"","_VenueAddress":"","_VenueCity":"","_VenueCountry":"","_VenueProvince":"","_VenueState":"","_VenueZip":"","_VenuePhone":"","_VenueURL":"","_VenueStateProvince":"","_VenueLat":"","_VenueLng":"","_VenueShowMap":false,"_VenueShowMapLink":false,"footnotes":""},"class_list":["post-569","page","type-page","status-publish","hentry"],"uagb_featured_image_src":{"full":false,"thumbnail":false,"medium":false,"medium_large":false,"large":false,"1536x1536":false,"2048x2048":false},"uagb_author_info":{"display_name":"MCS-C","author_link":"https:\/\/soeursmcsc.org\/index.php\/author\/admin\/"},"uagb_comment_info":0,"uagb_excerpt":"ANIMATION RURALE R\u00e9flexion \u00e0 la demande des villageois sur un probl\u00e8me concernant leur vie au village (environnement, malnutrition infantile, gestion, r\u00e9gulation des naissances\u2026 ou tout autre th\u00e8me). Ceci dans...","_links":{"self":[{"href":"https:\/\/soeursmcsc.org\/index.php\/wp-json\/wp\/v2\/pages\/569","targetHints":{"allow":["GET"]}}],"collection":[{"href":"https:\/\/soeursmcsc.org\/index.php\/wp-json\/wp\/v2\/pages"}],"about":[{"href":"https:\/\/soeursmcsc.org\/index.php\/wp-json\/wp\/v2\/types\/page"}],"author":[{"embeddable":true,"href":"https:\/\/soeursmcsc.org\/index.php\/wp-json\/wp\/v2\/users\/1"}],"replies":[{"embeddable":true,"href":"https:\/\/soeursmcsc.org\/index.php\/wp-json\/wp\/v2\/comments?post=569"}],"version-history":[{"count":1,"href":"https:\/\/soeursmcsc.org\/index.php\/wp-json\/wp\/v2\/pages\/569\/revisions"}],"predecessor-version":[{"id":570,"href":"https:\/\/soeursmcsc.org\/index.php\/wp-json\/wp\/v2\/pages\/569\/revisions\/570"}],"wp:attachment":[{"href":"https:\/\/soeursmcsc.org\/index.php\/wp-json\/wp\/v2\/media?parent=569"}],"curies":[{"name":"wp","href":"https:\/\/api.w.org\/{rel}","templated":true}]}}